{"id":409,"date":"2018-03-10T18:16:23","date_gmt":"2018-03-10T17:16:23","guid":{"rendered":"http:\/\/montelovelo.fr\/?page_id=409"},"modified":"2018-06-28T14:54:03","modified_gmt":"2018-06-28T13:54:03","slug":"une-velo-ecole-a-montelimar","status":"publish","type":"page","link":"https:\/\/montelovelo.fr\/index.php\/une-velo-ecole-a-montelimar\/","title":{"rendered":"Une v\u00e9lo-\u00e9cole \u00e0 Mont\u00e9limar ?"},"content":{"rendered":"<p>Parce que le nombre de fran\u00e7ais ne sachant pas faire du v\u00e9lo ou n&rsquo;\u00e9tant pas \u00e0 l&rsquo;aise sur une <strong>bicyclette en ville<\/strong> est plus nombreux qu&rsquo;on pourrait ne le croire, nous proposons \u00e0 ces <strong>cyclistes d\u00e9butants<\/strong> les services de b\u00e9n\u00e9voles plus exp\u00e9riment\u00e9s charg\u00e9s de les former et de les accompagner :<\/p>\n<ul>\n<li><a href=\"http:\/\/montelovelo.fr\/wp-content\/uploads\/2018\/06\/Te\u0301moignage-e\u0301le\u0300ve.pdf\" target=\"_blank\" rel=\"noopener\">Paroles d&rsquo;\u00e9l\u00e8ves 1<\/a><\/li>\n<li><a href=\"http:\/\/montelovelo.fr\/wp-content\/uploads\/2018\/06\/te\u0301moignage-Claire.pdf\" target=\"_blank\" rel=\"noopener\">Paroles d&rsquo;\u00e9l\u00e8ves 2 <\/a><\/li>\n<li><a href=\"http:\/\/montelovelo.fr\/wp-content\/uploads\/2018\/06\/te\u0301moignage-Paule.pdf\" target=\"_blank\" rel=\"noopener\">Paroles d&rsquo;\u00e9l\u00e8ves 3<\/a><\/li>\n<\/ul>\n<p>C&rsquo;est dans la cour d&rsquo;une \u00e9cole qu&rsquo;ont lieu les premi\u00e8res le\u00e7ons, puis des circuits sont \u00e9tudi\u00e9s de fa\u00e7on \u00e0 familiariser les \u00ab\u00a0\u00e9l\u00e8ves\u00a0\u00bb avec la circulation en ville. Voyez le r\u00e9sultat :<\/p>\n<div style=\"width: 584px;\" class=\"wp-video\"><!--[if lt IE 9]><script>document.createElement('video');<\/script><![endif]-->\n<video class=\"wp-video-shortcode\" id=\"video-409-1\" width=\"584\" height=\"438\" preload=\"metadata\" controls=\"controls\"><source type=\"video\/mp4\" src=\"http:\/\/montelovelo.fr\/wp-content\/uploads\/2018\/05\/MAH03279.mp4?_=1\" \/><a href=\"http:\/\/montelovelo.fr\/wp-content\/uploads\/2018\/05\/MAH03279.mp4\">http:\/\/montelovelo.fr\/wp-content\/uploads\/2018\/05\/MAH03279.mp4<\/a><\/video><\/div>\n<p>Les <strong>v\u00e9lo-\u00e9coles<\/strong>, ce n&rsquo;est pas uniquement r\u00e9serv\u00e9 aux enfants ! Pour se perfectionner ou tout simplement <strong>apprendre \u00e0 faire du v\u00e9lo<\/strong>, ces \u00e9coles permettent \u00e9galement aux adultes de se (re)mettre en selle !<\/p>\n<p>Cette v\u00e9lo-\u00e9cole est ouverte <strong>aux adh\u00e9rents de l&rsquo;association <\/strong>et les \u00ab\u00a0cours\u00a0\u00bb se d\u00e9roulent le Mercredi et le Jeudi entre 18h.30 et 20 h. Le tarif est de 30 euros pour 10 s\u00e9ances.<\/p>\n<p><img decoding=\"async\" loading=\"lazy\" class=\"alignnone size-full wp-image-410\" src=\"http:\/\/montelovelo.fr\/wp-content\/uploads\/2018\/03\/article.jpeg\" alt=\"\" width=\"1333\" height=\"623\" srcset=\"https:\/\/montelovelo.fr\/wp-content\/uploads\/2018\/03\/article.jpeg 1333w, https:\/\/montelovelo.fr\/wp-content\/uploads\/2018\/03\/article-300x140.jpeg 300w, https:\/\/montelovelo.fr\/wp-content\/uploads\/2018\/03\/article-768x359.jpeg 768w, https:\/\/montelovelo.fr\/wp-content\/uploads\/2018\/03\/article-1024x479.jpeg 1024w, https:\/\/montelovelo.fr\/wp-content\/uploads\/2018\/03\/article-500x234.jpeg 500w\" sizes=\"(max-width: 1333px) 100vw, 1333px\" \/><\/p>\n","protected":false},"excerpt":{"rendered":"<p>Parce que le nombre de fran\u00e7ais ne sachant pas faire du v\u00e9lo ou n&rsquo;\u00e9tant pas \u00e0 l&rsquo;aise sur une bicyclette en ville est plus nombreux qu&rsquo;on pourrait ne le croire, nous proposons \u00e0 ces cyclistes d\u00e9butants les services de b\u00e9n\u00e9voles &hellip; <a href=\"https:\/\/montelovelo.fr\/index.php\/une-velo-ecole-a-montelimar\/\">Lire la suite <span class=\"meta-nav\">&rarr;<\/span><\/a><\/p>\n","protected":false},"author":1,"featured_media":0,"parent":0,"menu_order":0,"comment_status":"closed","ping_status":"closed","template":"","meta":[],"_links":{"self":[{"href":"https:\/\/montelovelo.fr\/index.php\/wp-json\/wp\/v2\/pages\/409"}],"collection":[{"href":"https:\/\/montelovelo.fr\/index.php\/wp-json\/wp\/v2\/pages"}],"about":[{"href":"https:\/\/montelovelo.fr\/index.php\/wp-json\/wp\/v2\/types\/page"}],"author":[{"embeddable":true,"href":"https:\/\/montelovelo.fr\/index.php\/wp-json\/wp\/v2\/users\/1"}],"replies":[{"embeddable":true,"href":"https:\/\/montelovelo.fr\/index.php\/wp-json\/wp\/v2\/comments?post=409"}],"version-history":[{"count":16,"href":"https:\/\/montelovelo.fr\/index.php\/wp-json\/wp\/v2\/pages\/409\/revisions"}],"predecessor-version":[{"id":592,"href":"https:\/\/montelovelo.fr\/index.php\/wp-json\/wp\/v2\/pages\/409\/revisions\/592"}],"wp:attachment":[{"href":"https:\/\/montelovelo.fr\/index.php\/wp-json\/wp\/v2\/media?parent=409"}],"curies":[{"name":"wp","href":"https:\/\/api.w.org\/{rel}","templated":true}]}}

Une vélo-école à Montélimar ?

<p>Parce que le nombre de français ne sachant pas faire du vélo ou n&rsquo;étant pas à l&rsquo;aise sur une <strong>bicyclette en ville</strong> est plus nombreux qu&rsquo;on pourrait ne le croire, nous proposons à ces <strong>cyclistes débutants</strong> les services de bénévoles plus expérimentés chargés de les former et de les accompagner :</p>
<ul>
<li><a href="http://montelovelo.fr/wp-content/uploads/2018/06/Témoignage-élève.pdf" target="_blank" rel="noopener">Paroles d&rsquo;élèves 1</a></li>
<li><a href="http://montelovelo.fr/wp-content/uploads/2018/06/témoignage-Claire.pdf" target="_blank" rel="noopener">Paroles d&rsquo;élèves 2 </a></li>
<li><a href="http://montelovelo.fr/wp-content/uploads/2018/06/témoignage-Paule.pdf" target="_blank" rel="noopener">Paroles d&rsquo;élèves 3</a></li>
</ul>
<p>C&rsquo;est dans la cour d&rsquo;une école qu&rsquo;ont lieu les premières leçons, puis des circuits sont étudiés de façon à familiariser les « élèves » avec la circulation en ville. Voyez le résultat :</p>
<div style="width: 584px;" class="wp-video"><!--[if lt IE 9]><script>document.createElement('video');</script><![endif]-->
<video class="wp-video-shortcode" id="video-409-1" width="584" height="438" preload="metadata" controls="controls"><source type="video/mp4" src="http://montelovelo.fr/wp-content/uploads/2018/05/MAH03279.mp4?_=1" /><a href="http://montelovelo.fr/wp-content/uploads/2018/05/MAH03279.mp4">http://montelovelo.fr/wp-content/uploads/2018/05/MAH03279.mp4</a></video></div>
<p>Les <strong>vélo-écoles</strong>, ce n&rsquo;est pas uniquement réservé aux enfants ! Pour se perfectionner ou tout simplement <strong>apprendre à faire du vélo</strong>, ces écoles permettent également aux adultes de se (re)mettre en selle !</p>
<p>Cette vélo-école est ouverte <strong>aux adhérents de l&rsquo;association </strong>et les « cours » se déroulent le Mercredi et le Jeudi entre 18h.30 et 20 h. Le tarif est de 30 euros pour 10 séances.</p>
<p><img decoding="async" loading="lazy" class="alignnone size-full wp-image-410" src="http://montelovelo.fr/wp-content/uploads/2018/03/article.jpeg" alt="" width="1333" height="623" srcset="https://montelovelo.fr/wp-content/uploads/2018/03/article.jpeg 1333w, https://montelovelo.fr/wp-content/uploads/2018/03/article-300x140.jpeg 300w, https://montelovelo.fr/wp-content/uploads/2018/03/article-768x359.jpeg 768w, https://montelovelo.fr/wp-content/uploads/2018/03/article-1024x479.jpeg 1024w, https://montelovelo.fr/wp-content/uploads/2018/03/article-500x234.jpeg 500w" sizes="(max-width: 1333px) 100vw, 1333px" /></p>

<p>Parce que le nombre de français ne sachant pas faire du vélo ou n&rsquo;étant pas à l&rsquo;aise sur une bicyclette en ville est plus nombreux qu&rsquo;on pourrait ne le croire, nous proposons à ces cyclistes débutants les services de bénévoles &hellip; <a href="https://montelovelo.fr/index.php/une-velo-ecole-a-montelimar/">Lire la suite <span class="meta-nav">&rarr;</span></a></p>
