{"id":215,"date":"2016-03-12T10:31:29","date_gmt":"2016-03-12T09:31:29","guid":{"rendered":"http:\/\/montelovelo.fr\/?page_id=215"},"modified":"2016-04-03T14:04:10","modified_gmt":"2016-04-03T13:04:10","slug":"idees-de-circuits","status":"publish","type":"page","link":"https:\/\/montelovelo.fr\/index.php\/idees-de-circuits\/","title":{"rendered":"Id\u00e9es de circuits"},"content":{"rendered":"<p>Les circuits qui sont pr\u00e9sent\u00e9s ci-dessous sont des circuits balis\u00e9s dans les alentours de Mont\u00e9limar :<\/p>\n<p>Circuit 1 :<strong> Le tour de Rochecolombe . <\/strong>Rochecolombe est cet \u00e9peron qui marque l&rsquo;extr\u00e9mit\u00e9 Ouest du merveilleux cirque de Sa\u00f4u. Cette balade en fait le tour<br \/>\n<script src=\"http:\/\/www.openrunner.com\/orservice\/inorser-script.php?key=mykey&amp;ser=S09&amp;id=4679802&amp;w=800&amp;h=300&amp;hp=200&amp;k=10&amp;m=0&amp;pa=1&amp;c=0&amp;ts=1457775203\" type=\"text\/javascript\"><\/script><\/p>\n<p>Circuit 2 : <strong>entre Dr\u00f4me et Rh\u00f4ne . <\/strong>Balade sans difficult\u00e9, qui permet de d\u00e9couvrir la vall\u00e9e inf\u00e9rieure de la Dr\u00f4me, et le Rh\u00f4ne.<br \/>\n<script src=\"http:\/\/www.openrunner.com\/orservice\/inorser-script.php?key=mykey&amp;ser=S09&amp;id=4725413&amp;w=800&amp;h=300&amp;hp=200&amp;k=10&amp;m=0&amp;pa=1&amp;c=0&amp;ts=1457775350\" type=\"text\/javascript\"><\/script><\/p>\n<p>Circuit 3 : <strong>Les collines de Marsanne <\/strong>cette balade, plus \u00ab\u00a0muscl\u00e9e\u00a0\u00bb passe par plusieurs villages pittoresques du Sud de la Dr\u00f4me : Grane, Cliousclat, Mirmande, Marsanne, Autichamp.<br \/>\n<script src=\"http:\/\/www.openrunner.com\/orservice\/inorser-script.php?key=mykey&amp;ser=S09&amp;id=4732612&amp;w=800&amp;h=300&amp;hp=200&amp;k=10&amp;m=0&amp;pa=1&amp;c=0&amp;ts=1457775537\" type=\"text\/javascript\"><\/script><\/p>\n","protected":false},"excerpt":{"rendered":"<p>Les circuits qui sont pr\u00e9sent\u00e9s ci-dessous sont des circuits balis\u00e9s dans les alentours de Mont\u00e9limar : Circuit 1 : Le tour de Rochecolombe . Rochecolombe est cet \u00e9peron qui marque l&rsquo;extr\u00e9mit\u00e9 Ouest du merveilleux cirque de Sa\u00f4u. Cette balade en &hellip; <a href=\"https:\/\/montelovelo.fr\/index.php\/idees-de-circuits\/\">Lire la suite <span class=\"meta-nav\">&rarr;<\/span><\/a><\/p>\n","protected":false},"author":1,"featured_media":0,"parent":0,"menu_order":0,"comment_status":"closed","ping_status":"closed","template":"showcase.php","meta":[],"_links":{"self":[{"href":"https:\/\/montelovelo.fr\/index.php\/wp-json\/wp\/v2\/pages\/215"}],"collection":[{"href":"https:\/\/montelovelo.fr\/index.php\/wp-json\/wp\/v2\/pages"}],"about":[{"href":"https:\/\/montelovelo.fr\/index.php\/wp-json\/wp\/v2\/types\/page"}],"author":[{"embeddable":true,"href":"https:\/\/montelovelo.fr\/index.php\/wp-json\/wp\/v2\/users\/1"}],"replies":[{"embeddable":true,"href":"https:\/\/montelovelo.fr\/index.php\/wp-json\/wp\/v2\/comments?post=215"}],"version-history":[{"count":13,"href":"https:\/\/montelovelo.fr\/index.php\/wp-json\/wp\/v2\/pages\/215\/revisions"}],"predecessor-version":[{"id":250,"href":"https:\/\/montelovelo.fr\/index.php\/wp-json\/wp\/v2\/pages\/215\/revisions\/250"}],"wp:attachment":[{"href":"https:\/\/montelovelo.fr\/index.php\/wp-json\/wp\/v2\/media?parent=215"}],"curies":[{"name":"wp","href":"https:\/\/api.w.org\/{rel}","templated":true}]}}