{"id":1146,"date":"2024-02-23T11:37:12","date_gmt":"2024-02-23T10:37:12","guid":{"rendered":"http:\/\/montelovelo.fr\/?page_id=1146"},"modified":"2025-03-08T18:00:46","modified_gmt":"2025-03-08T17:00:46","slug":"parlons-velo-en-ville","status":"publish","type":"page","link":"https:\/\/montelovelo.fr\/index.php\/parlons-velo-en-ville\/","title":{"rendered":"Parlons v\u00e9lo en ville"},"content":{"rendered":"\n<blockquote class=\"wp-block-quote\">\n<p><\/p>\n\n\n\n<p>Chaque mois, un article concernant l&rsquo;utilisation du v\u00e9lo en ville est \u00e0 para\u00eetre dans la Tribune. Cet article contient des aides et conseils pour aller au boulot, faire ses courses, gagner du temps, aller \u00e0 l&rsquo;\u00e9cole, voir un copain&#8230; ou tout simplement pour le&nbsp; plaisir et garder la forme.<\/p>\n<p>Nous vous proposons ici de collectionner les articles d\u00e9j\u00e0 parus pour pouvoir les lire ou les relire.<\/p>\n\n\n\n<p><\/p>\n\n\n\n<ul>\n<li>Voici la liste des articles d\u00e9j\u00e0 parus.<\/li>\n<\/ul>\n<\/blockquote>\n\n\n\n<h2>Paru le 14 d\u00e9cembre 2023.<\/h2>\n\n\n\n<figure class=\"wp-block-image size-large is-resized\"><img decoding=\"async\" loading=\"lazy\" src=\"http:\/\/montelovelo.fr\/wp-content\/uploads\/2024\/02\/Parlons-velo-14-12-2023001-794x1024.jpg\" alt=\"\" class=\"wp-image-1147\" width=\"781\" height=\"1007\" srcset=\"https:\/\/montelovelo.fr\/wp-content\/uploads\/2024\/02\/Parlons-velo-14-12-2023001-794x1024.jpg 794w, https:\/\/montelovelo.fr\/wp-content\/uploads\/2024\/02\/Parlons-velo-14-12-2023001-233x300.jpg 233w, https:\/\/montelovelo.fr\/wp-content\/uploads\/2024\/02\/Parlons-velo-14-12-2023001-768x990.jpg 768w, https:\/\/montelovelo.fr\/wp-content\/uploads\/2024\/02\/Parlons-velo-14-12-2023001-1192x1536.jpg 1192w, https:\/\/montelovelo.fr\/wp-content\/uploads\/2024\/02\/Parlons-velo-14-12-2023001-1589x2048.jpg 1589w, https:\/\/montelovelo.fr\/wp-content\/uploads\/2024\/02\/Parlons-velo-14-12-2023001-scaled.jpg 1986w\" sizes=\"(max-width: 781px) 100vw, 781px\" \/><\/figure>\n\n\n\n<h2>Paru le 18 janvier 2024.<\/h2>\n\n\n\n<figure class=\"wp-block-image size-large\"><img decoding=\"async\" loading=\"lazy\" width=\"951\" height=\"1024\" src=\"http:\/\/montelovelo.fr\/wp-content\/uploads\/2024\/02\/Parlons-velo-2024-01-18-951x1024.jpg\" alt=\"\" class=\"wp-image-1148\" srcset=\"https:\/\/montelovelo.fr\/wp-content\/uploads\/2024\/02\/Parlons-velo-2024-01-18-951x1024.jpg 951w, https:\/\/montelovelo.fr\/wp-content\/uploads\/2024\/02\/Parlons-velo-2024-01-18-279x300.jpg 279w, https:\/\/montelovelo.fr\/wp-content\/uploads\/2024\/02\/Parlons-velo-2024-01-18-768x827.jpg 768w, https:\/\/montelovelo.fr\/wp-content\/uploads\/2024\/02\/Parlons-velo-2024-01-18-1426x1536.jpg 1426w, https:\/\/montelovelo.fr\/wp-content\/uploads\/2024\/02\/Parlons-velo-2024-01-18-1902x2048.jpg 1902w\" sizes=\"(max-width: 951px) 100vw, 951px\" \/><\/figure>\n\n\n\n<h2>Paru le  8 fevrier 2024.<\/h2>\n\n\n\n<figure class=\"wp-block-image size-large\"><img decoding=\"async\" loading=\"lazy\" width=\"947\" height=\"1024\" src=\"http:\/\/montelovelo.fr\/wp-content\/uploads\/2024\/02\/Parlons-velo-2024-02-08-947x1024.jpg\" alt=\"\" class=\"wp-image-1149\" srcset=\"https:\/\/montelovelo.fr\/wp-content\/uploads\/2024\/02\/Parlons-velo-2024-02-08-947x1024.jpg 947w, https:\/\/montelovelo.fr\/wp-content\/uploads\/2024\/02\/Parlons-velo-2024-02-08-277x300.jpg 277w, https:\/\/montelovelo.fr\/wp-content\/uploads\/2024\/02\/Parlons-velo-2024-02-08-768x830.jpg 768w, https:\/\/montelovelo.fr\/wp-content\/uploads\/2024\/02\/Parlons-velo-2024-02-08-1421x1536.jpg 1421w, https:\/\/montelovelo.fr\/wp-content\/uploads\/2024\/02\/Parlons-velo-2024-02-08-1894x2048.jpg 1894w\" sizes=\"(max-width: 947px) 100vw, 947px\" \/><\/figure>\n\n\n\n<h2>Paru le 14 mars 2024.<\/h2>\n\n\n\n<figure class=\"wp-block-image size-large\"><img decoding=\"async\" loading=\"lazy\" width=\"944\" height=\"1024\" src=\"http:\/\/montelovelo.fr\/wp-content\/uploads\/2024\/03\/parlons-velo-2024-03-14-944x1024.jpg\" alt=\"\" class=\"wp-image-1165\" srcset=\"https:\/\/montelovelo.fr\/wp-content\/uploads\/2024\/03\/parlons-velo-2024-03-14-944x1024.jpg 944w, https:\/\/montelovelo.fr\/wp-content\/uploads\/2024\/03\/parlons-velo-2024-03-14-277x300.jpg 277w, https:\/\/montelovelo.fr\/wp-content\/uploads\/2024\/03\/parlons-velo-2024-03-14-768x833.jpg 768w, https:\/\/montelovelo.fr\/wp-content\/uploads\/2024\/03\/parlons-velo-2024-03-14-1416x1536.jpg 1416w, https:\/\/montelovelo.fr\/wp-content\/uploads\/2024\/03\/parlons-velo-2024-03-14-1888x2048.jpg 1888w\" sizes=\"(max-width: 944px) 100vw, 944px\" \/><\/figure>\n\n\n\n<h2>Paru le 11 Avril 2024<\/h2>\n\n\n\n<figure class=\"wp-block-image size-large\"><img decoding=\"async\" loading=\"lazy\" width=\"944\" height=\"1024\" src=\"http:\/\/montelovelo.fr\/wp-content\/uploads\/2024\/04\/Parlons-velo-2024-04-11-944x1024.jpg\" alt=\"\" class=\"wp-image-1243\" srcset=\"https:\/\/montelovelo.fr\/wp-content\/uploads\/2024\/04\/Parlons-velo-2024-04-11-944x1024.jpg 944w, https:\/\/montelovelo.fr\/wp-content\/uploads\/2024\/04\/Parlons-velo-2024-04-11-277x300.jpg 277w, https:\/\/montelovelo.fr\/wp-content\/uploads\/2024\/04\/Parlons-velo-2024-04-11-768x833.jpg 768w, https:\/\/montelovelo.fr\/wp-content\/uploads\/2024\/04\/Parlons-velo-2024-04-11-1416x1536.jpg 1416w, https:\/\/montelovelo.fr\/wp-content\/uploads\/2024\/04\/Parlons-velo-2024-04-11-1888x2048.jpg 1888w\" sizes=\"(max-width: 944px) 100vw, 944px\" \/><\/figure>\n\n\n\n<h2>Paru le 9 mai 2024<\/h2>\n\n\n\n<figure class=\"wp-block-image size-large\"><img decoding=\"async\" loading=\"lazy\" width=\"724\" height=\"1024\" src=\"http:\/\/montelovelo.fr\/wp-content\/uploads\/2024\/06\/Parlons-velo-2024-05-09-724x1024.jpg\" alt=\"\" class=\"wp-image-1259\" srcset=\"https:\/\/montelovelo.fr\/wp-content\/uploads\/2024\/06\/Parlons-velo-2024-05-09-724x1024.jpg 724w, https:\/\/montelovelo.fr\/wp-content\/uploads\/2024\/06\/Parlons-velo-2024-05-09-212x300.jpg 212w, https:\/\/montelovelo.fr\/wp-content\/uploads\/2024\/06\/Parlons-velo-2024-05-09-768x1086.jpg 768w, https:\/\/montelovelo.fr\/wp-content\/uploads\/2024\/06\/Parlons-velo-2024-05-09-1086x1536.jpg 1086w, https:\/\/montelovelo.fr\/wp-content\/uploads\/2024\/06\/Parlons-velo-2024-05-09-1448x2048.jpg 1448w, https:\/\/montelovelo.fr\/wp-content\/uploads\/2024\/06\/Parlons-velo-2024-05-09-scaled.jpg 1810w\" sizes=\"(max-width: 724px) 100vw, 724px\" \/><\/figure>\n\n\n\n<h2>Paru le 13 juin 2024<\/h2>\n\n\n\n<figure class=\"wp-block-image size-large\"><img decoding=\"async\" loading=\"lazy\" width=\"944\" height=\"1024\" src=\"http:\/\/montelovelo.fr\/wp-content\/uploads\/2024\/07\/Parlons-velo-2024-06-13-944x1024.jpg\" alt=\"\" class=\"wp-image-1271\" srcset=\"https:\/\/montelovelo.fr\/wp-content\/uploads\/2024\/07\/Parlons-velo-2024-06-13-944x1024.jpg 944w, https:\/\/montelovelo.fr\/wp-content\/uploads\/2024\/07\/Parlons-velo-2024-06-13-276x300.jpg 276w, https:\/\/montelovelo.fr\/wp-content\/uploads\/2024\/07\/Parlons-velo-2024-06-13-768x834.jpg 768w, https:\/\/montelovelo.fr\/wp-content\/uploads\/2024\/07\/Parlons-velo-2024-06-13-1415x1536.jpg 1415w, https:\/\/montelovelo.fr\/wp-content\/uploads\/2024\/07\/Parlons-velo-2024-06-13-1887x2048.jpg 1887w\" sizes=\"(max-width: 944px) 100vw, 944px\" \/><\/figure>\n\n\n\n<h2>Paru le 11 juillet 2024<\/h2>\n\n\n\n<figure class=\"wp-block-image size-large\"><img decoding=\"async\" loading=\"lazy\" width=\"947\" height=\"1024\" src=\"http:\/\/montelovelo.fr\/wp-content\/uploads\/2024\/07\/Parlons-velo-2024-07-11-947x1024.jpg\" alt=\"\" class=\"wp-image-1272\" srcset=\"https:\/\/montelovelo.fr\/wp-content\/uploads\/2024\/07\/Parlons-velo-2024-07-11-947x1024.jpg 947w, https:\/\/montelovelo.fr\/wp-content\/uploads\/2024\/07\/Parlons-velo-2024-07-11-277x300.jpg 277w, https:\/\/montelovelo.fr\/wp-content\/uploads\/2024\/07\/Parlons-velo-2024-07-11-768x830.jpg 768w, https:\/\/montelovelo.fr\/wp-content\/uploads\/2024\/07\/Parlons-velo-2024-07-11-1421x1536.jpg 1421w, https:\/\/montelovelo.fr\/wp-content\/uploads\/2024\/07\/Parlons-velo-2024-07-11-1894x2048.jpg 1894w\" sizes=\"(max-width: 947px) 100vw, 947px\" \/><\/figure>\n\n\n\n<h2>Paru en novembre 2024 : <\/h2>\n\n\n\n<figure class=\"wp-block-image size-large\"><img decoding=\"async\" loading=\"lazy\" width=\"944\" height=\"1024\" src=\"http:\/\/montelovelo.fr\/wp-content\/uploads\/2024\/12\/Parlons-velo-2024-11-944x1024.jpg\" alt=\"\" class=\"wp-image-1277\" srcset=\"https:\/\/montelovelo.fr\/wp-content\/uploads\/2024\/12\/Parlons-velo-2024-11-944x1024.jpg 944w, https:\/\/montelovelo.fr\/wp-content\/uploads\/2024\/12\/Parlons-velo-2024-11-277x300.jpg 277w, https:\/\/montelovelo.fr\/wp-content\/uploads\/2024\/12\/Parlons-velo-2024-11-768x833.jpg 768w, https:\/\/montelovelo.fr\/wp-content\/uploads\/2024\/12\/Parlons-velo-2024-11-1416x1536.jpg 1416w, https:\/\/montelovelo.fr\/wp-content\/uploads\/2024\/12\/Parlons-velo-2024-11-1888x2048.jpg 1888w\" sizes=\"(max-width: 944px) 100vw, 944px\" \/><\/figure>\n","protected":false},"excerpt":{"rendered":"<p>Paru le 14 d\u00e9cembre 2023. Paru le 18 janvier 2024. Paru le 8 fevrier 2024. Paru le 14 mars 2024. Paru le 11 Avril 2024 Paru le 9 mai 2024 Paru le 13 juin 2024 Paru le 11 juillet 2024 &hellip; <a href=\"https:\/\/montelovelo.fr\/index.php\/parlons-velo-en-ville\/\">Lire la suite <span class=\"meta-nav\">&rarr;<\/span><\/a><\/p>\n","protected":false},"author":2,"featured_media":0,"parent":0,"menu_order":0,"comment_status":"closed","ping_status":"closed","template":"","meta":[],"_links":{"self":[{"href":"https:\/\/montelovelo.fr\/index.php\/wp-json\/wp\/v2\/pages\/1146"}],"collection":[{"href":"https:\/\/montelovelo.fr\/index.php\/wp-json\/wp\/v2\/pages"}],"about":[{"href":"https:\/\/montelovelo.fr\/index.php\/wp-json\/wp\/v2\/types\/page"}],"author":[{"embeddable":true,"href":"https:\/\/montelovelo.fr\/index.php\/wp-json\/wp\/v2\/users\/2"}],"replies":[{"embeddable":true,"href":"https:\/\/montelovelo.fr\/index.php\/wp-json\/wp\/v2\/comments?post=1146"}],"version-history":[{"count":10,"href":"https:\/\/montelovelo.fr\/index.php\/wp-json\/wp\/v2\/pages\/1146\/revisions"}],"predecessor-version":[{"id":1315,"href":"https:\/\/montelovelo.fr\/index.php\/wp-json\/wp\/v2\/pages\/1146\/revisions\/1315"}],"wp:attachment":[{"href":"https:\/\/montelovelo.fr\/index.php\/wp-json\/wp\/v2\/media?parent=1146"}],"curies":[{"name":"wp","href":"https:\/\/api.w.org\/{rel}","templated":true}]}}